 2).
-2
6 - (-2 - (3 - 6))
5
What is (3 - 1 - -1) + -5 + 3?
1
What is the value of 9 + 2 + (10 + -6 - 8)?
7
Evaluate -4 + (2 - -10) + -11.
-3
What is the value of -7 + 2 + 0 + 1 + 5?
1
What is the value of 45 - 60 - (-14 - -1)?
-2
What is the value of 8 + (-14 - (5 + -13))?
2
Evaluate -4 + -1 - (-7 + 10 + -3).
-5
13 - (-1 + 10 + (-4 - 1))
9
Calculate 13 + -14 + (0 - 8) + 2.
-7
What is -3 + -1 - (-3 + (-2 - 2))?
3
Calculate (-1 - (-5 - (0 + -2))) + -7.
-5
(-5 - 2 - 7 - -7) + 9
2
What is (2 - (-12 - 0)) + (104 - 110)?
8
What is the value of -4 + (0 + 6 - 3)?
-1
Evaluate (5 - (0 + 7)) + 0.
-2
Calculate 1 - ((-2 - -9) + (4 - 10)).
0
4 + -10 - -1 - (10 - 13)
-2
Calculate 1 - (-6 + 9 + -1).
-1
What is the value of 4 + (-5 - 0) - (-3 + -2)?
4
Evaluate -3 + (-3 - (5 + -7)) + -2.
-6
What is -3 + 1 + 0 + (3 - -2)?
3
Evaluate -1 + 16 + -4 + -5.
6
What is (12 - 3) + (-8 - -4)?
5
What is 9 + -4 - 1 - 5?
-1
Calculate (12 - (7 + 3)) + (2 - 7).
-3
Calculate -4 + 6 + -2 + 7 - -2.
9
Calculate (-10 + 4 - -10) + -2.
2
Calculate -1 + 0 + -1 - (-2 - -4).
-4
Evaluate (-7 - (-14 - -9)) + 5.
3
What is 1 + 1 + (4 - 4) - -4?
6
What is the value of -1 - (6 - 5) - 1?
-3
What is 5 + 8 + -17 + 3?
-1
What is 1 - (4 + -3) - -4?
4
What is -2 - (4 + (-4 - -4) - 10)?
4
Evaluate -3 - (1 - 7 - -4).
-1
What is (-3 - -2) + 1 + 1 + -3?
-2
What is the value of (-2 - 1) + 0 + 2 + -3?
-4
What is the value of -6 + (6 - (5 - 2))?
-3
What is -12 + 0 - (2 + -6 + -2)?
-6
Evaluate 10 + -7 + 2 + -6 + -2.
-3
What is (-2 - -5) + -10 + 14?
7
-6 - ((3 - 7) + (-2 - -3))
-3
Evaluate 13 + -2 + (-6 - -1 - -1).
7
What is the value of -9 + 9 + 1 + -5?
-4
What is the value of -3 - (-3 - ((-4 - 0) + 1))?
-3
Calculate (8 - 13) + -5 + 14.
4
(0 + -9 - -9) + -6
-6
(1 - (6 - 5)) + (0 - -1)
1
What is the value of 7 + -2 - ((-4 - -12) + -7)?
4
Calculate 4 + -3 + (3 - 7).
-3
What is -6 - (-10 - (-11 - 3))?
-10
What is the value of -2 - 1 - (3 - 12)?
6
0 - (-2 - ((3 - 2) + 1))
4
What is (4 - -1 - 2) + 1?
4
What is -6 - (-1 + -3 + (-1 - 1))?
0
What is (5 - (6 + -5)) + -1?
3
6 + (1 - (0 + 0)) + -6
1
What is the value of -3 - (-6 + (1 - -2)) - -3?
3
Evaluate -6 + 2 + -2 + -1 + 2.
-5
-4 + -9 + 5 + 2 - 2
-8
Evaluate 3 + 0 + (-3 - (9 - 9)).
0
-5 + 7 + (18 - 27)
-7
What is 3 + (-8 + 6 - -1)?
2
7 + -5 + 2 + -4
0
Evaluate -6 + 0 + (0 - -2) + 3.
-1
What is the value of -11 + 9 + (11 - 11)?
-2
What is the value of -8 - (-3 + (3 - 4))?
-4
Evaluate 0 + (-3 - -7) - 0 - -4.
8
What is the value of -207 + 200 - (0 - 14)?
7
Calculate 13 - 16 - (-3 - 1).
1
Evaluate (0 + 2 - 0) + 3 + 0.
5
Evaluate 1 + (3 - 10 - -2).
-4
What is (3 - (-3 - -2)) + 2 + -10?
-4
Evaluate -2 + 1 + -3 - (4 + -7).
-1
7 + -13 + 14 + (1 - -1)
10
-1 + (19 + -6 - 9)
3
What is (-3 - 1) + -37 + 49 + -3?
5
Evaluate 7 - 1 - 12 - -4.
-2
What is the value of 0 - (7 + (-3 - (0 + -1)))?
-5
Calculate (11 - -1) + (33 - 49).
-4
(1 - -7) + -14 + 3
-3
Calculate 9 - 5 - (25 + -14).
-7
What is -1 + (-4 - -8) + -2?
1
What is (-7 + -4 - -19) + -9?
-1
Calculate 9 + -4 + 1 + -9 + 5.
2
Calculate (52 - 51) + (-2 + 0 - -1).
0
15 - 0 - (0 - -9)
6
Evaluate (2 - (4 - 4) - 7) + -4.
-9
2 + -3 + (4 - 4 - 2)
-3
Evaluate -4 + (40 + -36 - (-1 + -2)).
3
-7 - (-7 - (4 - 0))
4
What is the value of (-24 - -25) + 1 + 0 - 6?
-4
Evaluate (-1 - 4) + 0 + 4 - 4.
-5
What is the value of (2 + -9 - -4) + 4?
1
What is -2 + -1 + (14 - 16) - -12?
7
-1 - (1 + -4 + (17 - 14))
-1
Calculate -1 - (4 + -8 + 3).
0
Evaluate -2 + 5 + -8 + (-15 - -13).
-7
What is the value of -4 + (-9 - -5) + 2?
-6
What is (-14 - -1 - -2) + 26 + -19?
-4
What is the value of 2 - 2 - 8 - -4?
-4
Evaluate 0 - (-6 + -4) - (4 - 0).
6
Evaluate -1 - ((0 - 6) + 11 + -11).
5
Calculate 0 + 8 + -15 - -8.
1
What is the value of 5 + 0 + -6 + -1?
-2
What is -1 - (-5 + -4 + 4)?
4
What is the value of 13 + -4 + -14 - -3?
-2
What is 4 + (0 - (8 - 4))?
0
What is the value of (6 - -1) + -7 + 3?
3
Evaluate -3 + 8 - (2 + 4).
-1
Calculate -8 + (5 - 7 - 0 - -8).
-2
What is 13 + 3 + -9 + 1?
8
-2 - (-2 - 3 - -4)
-1
-1 + 6 - (9 + (-13 - -8))
1
Evaluate -1 - (-1 + -1 + -1).
2
Evaluate -23 + 19 + (-2 - -4).
-2
Calculate (8 - 1) + 4 + -8.
3
Evaluate (13 - 8) + 7 + -7.
5
3 + (-1 - (-5 - -3)) + -6
-2
Evaluate 0 + (4 - (6 - (0 - -5))).
3
Calculate (-6 - (2 - 2)) + 6 + -7.
-7
Evaluate (-6 - (-19 + 9)) + -3.
1
Calculate 219 + -217 + (1 - 0) + -6.
-3
What is the value of -1 - (4 + -1 - (-6 + 6))?
-4
(11 - -1) + -2 + -1 - 4
5
What is the value of -12 + 4 + 2 + 5?
-1
What is (4 - 2) + 0 + -3?
-1
Calculate 50 - 38 - (14 + 1).
-3
What is 7 + (-8 + 11 - 7)?
3
Calculate 5 + -3 - -2 - (-49 + 51).
2
Calculate (-2 - ((7 - 12) + -3)) + -7.
-1
What is -2 + 12 - (-71 - -83)?
-2
Evaluate 3 - (-5 - (-10 - -5)).
3
1 - 4 - 1 - -5
1
-5 + 2 + 1 + -2
-4
What is 6 - ((-1 - -4) + 0 + -1)?
4
What is the value of 2 + -6 + 12 - 9?
-1
What is (2 - (-3 - -1)) + (13 - 11)?
6
What is the value of 6 - (2 - (-7 + -2))?
-5
Evaluate 0 - (0 + -1 - (3 + -9)).
-5
Calculate -4 + 0 + -3 + 7 + -5.
-5
-6 + 9 + 6 + -16
-7
What is the value of -9 + (7 - 4) + 1?
-5
What is 4 + (-3 + 5 + -1 - 0)?
5
What is the value of -2 - (0 - 5) - 6?
-3
Calculate -13 + (7 - (10 - 14)).
-2
2 - (6 - 5 - 4)
5
Evaluate 3 - 5 - (1 + -2).
-1
Calculate (3 + 11 - 5) + -5.
4
What is the value of (11 - 8) + -6 + 8?
5
-3 + (-4 - (-4 + 4) - -10)
3
What is 2 - (2 - 4 - 1)?
5
What is the value of 6 + -3 + -2 + 3?
4
What is 4 + -2 + -3 + 6 + -8?
-3
Evaluate -1 + 3 + 10 + -7 - 1.
4
What is 2 + 4 + 2 + -4?
4
Evaluate 15 + (-53 + 46 - (1 - 3)).
10
What is (0 - 1) + 2 - (-19 - -18)?
2
What is the value of -1 + (7 - 1 - (0 - -12))?
-7
Evaluate 5 + (-6 + 3 - 3 - -1).
0
Calculate -1 - 11 - (-43 + 35).
-4
Evaluate -7 + 6 - 2 - (0 + -2).
-1
Evaluate -3 - (-1 + 4 - 10).
4
6 + (-7 - (-2 + -2) - 4)
-1
What is -1 + -1 + 4 + (-5 - 1)?
-4
7 + (4 + -2 - (2 - 2))
9
Calculate 7 - ((-8 - -5) + 8).
2
6 - (24 - -3) - -12
-9
(16 - 4) + -17 - (0 - -1)
-6
What is (-22 - -11 - (-5 + -2)) + -2?
-6
What is -7 - (2 + (-3 - 6))?
0
What is the value of -6 + -5 - 0 - -8?
-3
What is (33 - 48) + (6 - (-2 - -1))?
-8
-3 + (24 + -10 - 7)
4
Calculate 3 + -10 + 3 - (-1 + 1).
-4
Evaluate (2 + 4 - -5) + -7.
4
What is the value of (3 + 3 - 1) + -9?
-4
Calculate -22 + 16 + -6 - -10.
-2
What is the value of 3 - (2 + 5 - (1 - -2))?
-1
Evaluate -9 + 21 - 9 - 12.
-9
What is 1 + (-1 + 0 - (-1 - 3))?
4
Calculate -1 + (-1 - 4) - -3.
-3
Evaluate -3 - 4 - (3 + -9).
-1
(0 - 3 - (3 - 10)) + 1
5
-1 + -6 + 1 + 9 + -3
0
Calculate -1 - 2 - (8 + 4 + -12).
-3
9 - ((7 - 1) + 0)
3
Evaluate 5 + -8 + 6 + -2.
1
Evaluate -1 + (2 - -4) + -8 - -5.
2
Evaluate -2 + (-1 - -8) - (4 - 5).
6
What is the value of 5 - 2 - ((2 - 5) + 9)?
-3
What is the value of (-8 + (-7 - -8) - -4) + 1?
-2
What is -6 + 11 - (11 + -9)?
3
Calculate (-2 - (0 - 3)) + 4.
5
Evaluate -8 + (0 - -3) + (3 - 1).
-3
Evaluate -6 - -7 - ((3 - -1) + 0).
-3
What is the value of 7 - 2 - 7 - 1?
-3
Calculate -1 + (-3 - (-3 - 4)).
3
0 + 0 - (79 - 80) - 5
-4
-6 + -11 + 6 + 1 + 6
-4
What is the value of 15 - (11 - ((0 - 5) + 9))?
8
What is the value of -1 + 2 + -1 + (8 - 5)?
3
What is -4 - (-7 + 2) - -4?
5
Calculate 0 + 1 + -8 + 19 + -20.
-8
What is the value of -3 + 0 - (-44 + 38)?
3
-23 - -13 - ((-9 - -2) + 3)
-6
What is 5 + 0 + -1 + -12 + 11?
3
Calculate -1 - (3 - 3) - 3.
-4
What is the value of -4 - -6 - (-1 - -2)?
1
What is 0 + -8 + (-5 + 0 - -5)?
-8
Calculate (-62 - -74) + (-7 - -1).
6
9 + -4 + -9 - (-2 + 1)
-3
Calculate 0 + (3 - 16) - -13.
0
What is -5 + 1 - (-4 + -5)?
5
Calculate 7 - (11 - 5) - 11.
-10
Calculate 0 - -4 - (-3 + -2 + 6).
3
What is 8 - (13 + -7) - (12 + -3)?
-7
What is 5 + (5 + -2 - (14 + -1))?
-5
Evaluate (3 - 1) + 1 + 0 - 3.
0
What is 8 + (3 - 3) - 6?
2
Evaluate (2 - 3) + -4 + (6 - 1).
0
4 + (-4 - -2) - 0
2
Calculate (-9 + -3 - -8) + 5.
1
What is the value of -5 + (-4 + 9 - 0)?
0
Evaluate -3 + (2 - ((0 - -8) + -1)).
-8
Calculate -1 - (-1 + -2 + (5 - -1)).
-4
Calculate 2 + (-1 + -2 - (28 - 31)).
2
Evaluate 6 - (3 + (-2 - 1)) - 5.
1
What is (10 - 13) + 0 + 7?
4
Calculate (-42 - -35) + (4 - 0).
-3
Evaluate 78 + -74 - ((0 - -5) + -2).
1
Calculate -7 + -1 + 4 + -6 + -1.
-11
What is (-12 - -7) + 7 + 5?
7
Calculate (-3 - -9) + -1 + -3.
2
1 - -3 - (4 - (9 + -3))
6
-1 + 0 - (3 - (-2 + 2))
-4
-14 - (6 + -12) - -12
4
3 + -1 - 1 - 4
-3
